 + 3*k + 101 = 0, 3*k = 5*a - 0*k - 130. Suppose p + 2*p - 2*l + 25 = 0, 3*l = -5*p - a. Let i = 1 - p. What is the units digit of i?
8
Let z be 2/(-5) + (-178)/5. Let g = 114 + z. Suppose m = 4*f - g, 0 = 2*f - 2*m - 18 - 24. What is the units digit of f?
9
Let s(f) = 2*f - 3. Let k = 11 + 0. Suppose -b + 5*t = 11, -2*b + 4*b = -t + k. What is the units digit of s(b)?
5
Suppose -5*u - 4*d + 164 = 0, 2*u - 5*u + 92 = -4*d. Let m = u - 19. What is the tens digit of m?
1
Let b = 18 + 17. What is the tens digit of 5/b - 669/(-21)?
3
What is the tens digit of (-5)/(-4)*-2*-18?
4
Let l(i) = 3*i - 3. What is the tens digit of l(5)?
1
Suppose 145 + 87 = 2*l. What is the units digit of (-6)/4*l/(-6)?
9
What is the tens digit of (3 - 1) + -3 + 337?
3
Let h = 12 - -6. Let l = -12 + h. What is the units digit of l?
6
Suppose -5*d + 38 + 10 = 3*t, -20 = 5*t. Let p be (-6)/4*(-56)/d. Let g = -4 + p. What is the units digit of g?
3
Let h be (0 - -2)*(-142)/4. Let s = h + 104. What is the units digit of s?
3
Let o(x) = -13*x**3 - x**2 + 2*x + 2. What is the tens digit of o(-2)?
9
Let o(k) = k**2 + 3*k - 2. Let s be o(-4). Suppose s = 4*v - 2. What is the units digit of v?
1
Let p(i) = 10*i**2. Let b be p(-4). What is the units digit of 2/(-2 - b/(-76))?
9
Let z = -8 - -12. Suppose 0*l - 5*n = -z*l + 40, -4*l + 72 = 3*n. What is the tens digit of l?
1
Let g(x) = -x**2 - 5*x + 4. Let b be g(3). Suppose -4 = 3*k - k. What is the units digit of (k/2)/(4/b)?
5
What is the units digit of 22/4 + (-5)/(-2) + -3?
5
What is the tens digit of (0 + -1)*-51 - 2?
4
What is the hundreds digit of (-338 + -4)/(-3) - 5?
1
Suppose 0 = -0*h - 4*h + 160. Suppose x = -3*x + h. What is the units digit of x?
0
Let n be (-4)/6 + 19/(-3). Let m = 10 + n. Suppose 3*d - 44 = -5*f, 0 = -7*d + m*d - 2*f + 54. What is the tens digit of d?
1
Suppose -6*n + 4*n + 72 = 0. What is the units digit of n?
6
Suppose 5*i - 5*l = 920, i + 3*i - 3*l = 740. Suppose -3*q + n - i = -7*q, 2*n + 8 = 0. What is the tens digit of q?
4
Let f(x) = 13*x**2 - 2*x - 2. What is the units digit of f(-1)?
3
Let o(r) = r**3 + 6*r**2 + 3*r + 7. What is the tens digit of o(-4)?
2
Let f = -3 + 5. What is the tens digit of ((-88)/12)/(f/(-3))?
1
Let p(t) = -t**2 + 12*t + 6. What is the tens digit of p(8)?
3
Let x(w) = -w - 6. Let a be x(-9). Suppose -74 + 5 = -a*h. What is the tens digit of h?
2
Suppose 0 = 4*m + 2*o - 6*o - 24, 4*m - 8 = -4*o. Suppose -s - m = s. What is the units digit of 20/(-25)*15/s?
6
Suppose g = -0*g + 36. What is the tens digit of g?
3
Suppose 14 = h + 1. What is the units digit of h?
3
Let r = -59 + 244. What is the hundreds digit of r?
1
Let d(k) = k**2 - 2*k - 1. Let f be d(-1). Let t = 1 - f. What is the units digit of ((-6)/18)/(t/3)?
1
What is the tens digit of 670/3 - 3/(-9)*-4?
2
Suppose -5*x - 4*a + 440 = 0, 3*x + 2*a - 3*a = 281. What is the tens digit of x?
9
Let a = 54 + -17. What is the tens digit of a?
3
Suppose -14 = 3*k - 2. What is the units digit of ((-2)/(-3))/(k/(-24))?
4
Let p(o) be the first derivative of -o**2/2 + 3*o + 2. What is the units digit of p(-4)?
7
Suppose 2*d - 140 = -3*j, 3*j = 5*j + 8. What is the units digit of d?
6
Suppose -5*q + 1070 = 5*m, -q = -3*m - 3*q + 642. What is the units digit of m?
4
Let z(p) = -p + 3*p**2 + p + 3*p + 1 - 2*p. Let a be z(-1). What is the units digit of 11/a - 2/3?
3
Let i be (-3)/15 - (-236)/(-20). Let s = 1 - i. What is the tens digit of s?
1
Let p = -2 - -5. Suppose 2*q - 11 + 29 = 2*n, 5*q - 35 = -p*n. What is the units digit of n?
0
Let p be 22/26 - (-8)/52. Suppose g - p - 1 = 0. What is the units digit of g?
2
Let t(s) = s**3 + 9*s**2 + 9*s - 1. What is the units digit of t(-5)?
4
Let q(g) be the first derivative of -g**2/2 - 7*g - 3. What is the units digit of q(-8)?
1
Let r(t) = -t**2 - 7*t + 2. Let w be r(-7). Let i = w + 3. Suppose 3*m = 5*j - 10*j + 89, i*m + 65 = 5*j. What is the units digit of j?
6
Let a(c) = -15*c - 26. What is the tens digit of a(-8)?
9
Suppose -6*j = -0*j - 30. What is the units digit of j?
5
What is the tens digit of 44/1*(-20)/(-8)?
1
Let c = -4 + 6. Let v be ((-1)/3)/(c/(-18)). Suppose 4*i + 22 = 2*g, v*g - i - 4 = 4. What is the units digit of g?
1
Let z(c) = -c**2 - c - 6. Let h be z(4). Let y = 40 + h. What is the units digit of y?
4
Let y(m) = m**2 - m - 3. Let f be y(3). Suppose 4*v - 8 = -f*j, -v + 0 + 3 = j. What is the units digit of (-92)/(-24) + v/(-6)?
4
What is the units digit of ((-18)/5)/(1/(-5))?
8
Let o(f) = f**3 - 9*f**2 - 11*f + 15. Let u be o(10). Suppose 1 = 3*h - u. What is the units digit of h?
2
Let n be 30 + 3*(-6)/(-9). Suppose 0 = -5*o + 97 - n. What is the tens digit of o?
1
Let p(h) = -h + 10. What is the units digit of p(7)?
3
What is the units digit of (-2 + 26)/((-3)/(-4))?
2
Let u = -26 - -77. Let h = u + -27. What is the units digit of h?
4
Let r(s) = -9*s + 5 - s**2 - 5. What is the tens digit of r(-7)?
1
Suppose 0 = -4*s + 2*s + 4. Suppose 5*k - 100 = -3*n, -3*n + 0*k + 103 = s*k. What is the tens digit of n?
3
Suppose 0 = 5*u - 4*r - 172, -3*u + r = 5*r - 116. Suppose 0 = f - u + 8. What is the tens digit of f?
2
Let b(u) = -2*u**3 - 3*u**2 - 3*u. Let r = 5 - 7. What is the units digit of b(r)?
0
Let p be 1/(-1) - (-15)/1. Let h = p - -7. What is the units digit of 342/h - 6/21?
6
Suppose 3*g - 308 = -4*g. What is the units digit of g?
4
Suppose -2*y - 393 = 5*r - 1761, -2*r + 556 = 3*y. What is the hundreds digit of r?
2
Let m be 77/22 + 1/2. Suppose 20 = -m*l, -a + 4*l = 2*l - 22. What is the tens digit of a?
1
Suppose -4*a + 0 = -8. Suppose 5*d - 8*v = -3*v + 145, 30 = d - 2*v. What is the units digit of d/6 - a/3?
4
Let n = 22 + -13. Suppose q + 3*s = -s + n, 4*s - 4 = 4*q. What is the units digit of q?
1
Let u(g) = -g**3 + 8*g**2 + g - 9. Let m be u(8). Let f(d) = 9*d**3 + d**2 + d + 1. Let n be f(m). Let h = -2 - n. What is the units digit of h?
6
Let h = -141 - -248. What is the units digit of h?
7
Suppose 3*w - 2*k + 276 = 5*w, 0 = 4*w - 4*k - 560. What is the tens digit of w?
3
What is the units digit of ((-2)/(-4))/((-10)/(-2140))?
7
Suppose 3*r - 44 = -2. What is the tens digit of r?
1
Suppose -5*w = -x - 28, w = 2*w - 5*x - 20. Suppose -k = 5*m + 20, -w*m - 28 = -3. What is the units digit of k?
5
Let l be -2 + -1*(-1 - -24). Suppose -4*i + 168 = -0*i. Let b = l + i. What is the units digit of b?
7
Let h be 1780/150 + 4/30. What is the tens digit of h/(-42) - 86/(-7)?
1
Suppose 3*o = 8*o + 25. What is the units digit of 2 - (1 + -4 + o)?
0
Let h(y) = y**3 - 3*y**2 - 8*y + 4. Let f(z) = z**3 - 10*z**2 + z - 3. Let x be f(10). Let j be -2 + 0 - (0 - x). What is the units digit of h(j)?
4
Let f(p) = p**3 - 4*p**2 + 5*p - 5. What is the units digit of f(4)?
5
Let w be 0/2 + 16/4. What is the tens digit of 103/4 + w/16?
2
Let v be (70/50)/((-2)/(-10)). Let z(u) = -u**2 - 6*u + 1. Let l be z(-6). Let k = v - l. What is the units digit of k?
6
Let p = -6 + 176. What is the tens digit of p?
7
Let r(s) = 2*s + 5. Let h be r(-10). Let b = 31 - h. What is the tens digit of b?
4
Let z(l) = 2*l**2 + 10*l - 2. What is the tens digit of z(-8)?
4
Let g = 47 + 337. What is the tens digit of g?
8
Suppose -2*r + 10 = -z - 2*z, -8 = -2*z. Suppose 0 = -k - 2*h, -4*k + 2*k + 7 = -3*h. Suppose 3*m = -k + r. What is the units digit of m?
3
Suppose 0 = w + w - 50. What is the tens digit of w?
2
Suppose 2*s + 0 - 8 = 0. Suppose -s*u + 45 = u. Suppose m + 0 = u. What is the units digit of m?
9
Let b(g) = -2*g + 3*g + 3*g**2 + 2 + 3*g - 2*g**2. Let j = -8 - -4. What is the units digit of b(j)?
2
Let j be 2/13 + 76/13. Suppose -3*t - 2*b - 172 = -j*t, 5*b - 260 = -4*t. Suppose -r + t = 4*r. What is the tens digit of r?
1
Suppose 0 = -3*a + 2*u + 246, u = 3*a - 138 - 108. What is the units digit of a?
2
Suppose 0 = l + j - 49, -5*l + 0*l - 3*j + 247 = 0. What is the units digit of l?
0
Let r(l) = 2*l**2 - 17*l + 11. What is the units digit of r(12)?
5
What is the tens digit of (-805)/(-45) - (-3)/27?
1
Let l(i) be the second derivative of i**4/12 + 5*i**3/6 + 3*i**2 + 2*i. What is the units digit of l(-4)?
2
Suppose 5*q - 763 = -2*n + 3*n, 5*q + 5*n - 745 = 0. What is the tens digit of q?
5
Suppose 4*b + 4 = 4*d, -3*d - 2*b + 7*b = 3. What is the tens digit of -2 - (-148